{"id":1579,"date":"2026-03-31T08:41:32","date_gmt":"2026-03-31T06:41:32","guid":{"rendered":"https:\/\/assoladerive.fr\/?post_type=tribe_events&#038;p=1579"},"modified":"2026-03-31T08:41:32","modified_gmt":"2026-03-31T06:41:32","slug":"tremble-festival-des-emancipations","status":"publish","type":"tribe_events","link":"https:\/\/assoladerive.fr\/index.php\/event\/tremble-festival-des-emancipations\/","title":{"rendered":"Tremble @ Festival des Emancipations"},"content":{"rendered":"<p>Tremble sera pr\u00e9sent\u00e9 \u00e0 Bellac au Festival des Emancipations, du Th\u00e9\u00e2tre du Clo\u00eetre.<\/p>\n","protected":false},"excerpt":{"rendered":"<p>Tremble sera pr\u00e9sent\u00e9 \u00e0 Bellac au Festival des Emancipations, du Th\u00e9\u00e2tre du Clo\u00eetre.<\/p>\n","protected":false},"author":2,"featured_media":0,"comment_status":"closed","ping_status":"closed","template":"","meta":{"_tribe_events_status":"","_tribe_events_status_reason":"","footnotes":""},"tags":[],"tribe_events_cat":[10],"class_list":["post-1579","tribe_events","type-tribe_events","status-publish","hentry","tribe_events_cat-tremble","cat_tremble"],"acf":[],"_links":{"self":[{"href":"https:\/\/assoladerive.fr\/index.php\/wp-json\/wp\/v2\/tribe_events\/1579","targetHints":{"allow":["GET"]}}],"collection":[{"href":"https:\/\/assoladerive.fr\/index.php\/wp-json\/wp\/v2\/tribe_events"}],"about":[{"href":"https:\/\/assoladerive.fr\/index.php\/wp-json\/wp\/v2\/types\/tribe_events"}],"author":[{"embeddable":true,"href":"https:\/\/assoladerive.fr\/index.php\/wp-json\/wp\/v2\/users\/2"}],"replies":[{"embeddable":true,"href":"https:\/\/assoladerive.fr\/index.php\/wp-json\/wp\/v2\/comments?post=1579"}],"version-history":[{"count":1,"href":"https:\/\/assoladerive.fr\/index.php\/wp-json\/wp\/v2\/tribe_events\/1579\/revisions"}],"predecessor-version":[{"id":1581,"href":"https:\/\/assoladerive.fr\/index.php\/wp-json\/wp\/v2\/tribe_events\/1579\/revisions\/1581"}],"wp:attachment":[{"href":"https:\/\/assoladerive.fr\/index.php\/wp-json\/wp\/v2\/media?parent=1579"}],"wp:term":[{"taxonomy":"post_tag","embeddable":true,"href":"https:\/\/assoladerive.fr\/index.php\/wp-json\/wp\/v2\/tags?post=1579"},{"taxonomy":"tribe_events_cat","embeddable":true,"href":"https:\/\/assoladerive.fr\/index.php\/wp-json\/wp\/v2\/tribe_events_cat?post=1579"}],"curies":[{"name":"wp","href":"https:\/\/api.w.org\/{rel}","templated":true}]}}

<p>Tremble sera présenté à Bellac au Festival des Emancipations, du Théâtre du Cloître.</p>
