{"id":1574,"date":"2026-03-31T08:36:56","date_gmt":"2026-03-31T06:36:56","guid":{"rendered":"https:\/\/assoladerive.fr\/?post_type=tribe_events&#038;p=1574"},"modified":"2026-03-31T08:36:56","modified_gmt":"2026-03-31T06:36:56","slug":"marcel-le-claude-lorient","status":"publish","type":"tribe_events","link":"https:\/\/assoladerive.fr\/index.php\/event\/marcel-le-claude-lorient\/","title":{"rendered":"Marcel.le &#038; Claude @ Lorient"},"content":{"rendered":"<p>Marcel\u00b7le et Claude sera pr\u00e9sent\u00e9 le 12 juin, pour 2 repr\u00e9sentations, ajust\u00e9es Festival de Cirque de Porte 27 \u00e0 Lorient<\/p>\n","protected":false},"excerpt":{"rendered":"<p>Marcel\u00b7le et Claude sera pr\u00e9sent\u00e9 le 12 juin, pour 2 repr\u00e9sentations, ajust\u00e9es Festival de Cirque de Porte 27 \u00e0 Lorient<\/p>\n","protected":false},"author":2,"featured_media":0,"comment_status":"closed","ping_status":"closed","template":"","meta":{"_tribe_events_status":"","_tribe_events_status_reason":"","footnotes":""},"tags":[],"tribe_events_cat":[11],"class_list":["post-1574","tribe_events","type-tribe_events","status-publish","hentry","tribe_events_cat-marcel-le-et-claude","cat_marcel-le-et-claude"],"acf":[],"_links":{"self":[{"href":"https:\/\/assoladerive.fr\/index.php\/wp-json\/wp\/v2\/tribe_events\/1574","targetHints":{"allow":["GET"]}}],"collection":[{"href":"https:\/\/assoladerive.fr\/index.php\/wp-json\/wp\/v2\/tribe_events"}],"about":[{"href":"https:\/\/assoladerive.fr\/index.php\/wp-json\/wp\/v2\/types\/tribe_events"}],"author":[{"embeddable":true,"href":"https:\/\/assoladerive.fr\/index.php\/wp-json\/wp\/v2\/users\/2"}],"replies":[{"embeddable":true,"href":"https:\/\/assoladerive.fr\/index.php\/wp-json\/wp\/v2\/comments?post=1574"}],"version-history":[{"count":1,"href":"https:\/\/assoladerive.fr\/index.php\/wp-json\/wp\/v2\/tribe_events\/1574\/revisions"}],"predecessor-version":[{"id":1575,"href":"https:\/\/assoladerive.fr\/index.php\/wp-json\/wp\/v2\/tribe_events\/1574\/revisions\/1575"}],"wp:attachment":[{"href":"https:\/\/assoladerive.fr\/index.php\/wp-json\/wp\/v2\/media?parent=1574"}],"wp:term":[{"taxonomy":"post_tag","embeddable":true,"href":"https:\/\/assoladerive.fr\/index.php\/wp-json\/wp\/v2\/tags?post=1574"},{"taxonomy":"tribe_events_cat","embeddable":true,"href":"https:\/\/assoladerive.fr\/index.php\/wp-json\/wp\/v2\/tribe_events_cat?post=1574"}],"curies":[{"name":"wp","href":"https:\/\/api.w.org\/{rel}","templated":true}]}}

<p>Marcel·le et Claude sera présenté le 12 juin, pour 2 représentations, ajustées Festival de Cirque de Porte 27 à Lorient</p>
