{"id":1570,"date":"2026-03-31T08:35:24","date_gmt":"2026-03-31T06:35:24","guid":{"rendered":"https:\/\/assoladerive.fr\/?post_type=tribe_events&#038;p=1570"},"modified":"2026-03-31T08:35:24","modified_gmt":"2026-03-31T06:35:24","slug":"naiade-au-theatre-dalbi","status":"publish","type":"tribe_events","link":"https:\/\/assoladerive.fr\/index.php\/event\/naiade-au-theatre-dalbi\/","title":{"rendered":"Na\u00efade au Th\u00e9\u00e2tre d&#8217;Albi"},"content":{"rendered":"<p>Na\u00efade sera pr\u00e9sent\u00e9 au th\u00e9\u00e2tre d&#8217;Albi<\/p>\n","protected":false},"excerpt":{"rendered":"<p>Na\u00efade sera pr\u00e9sent\u00e9 au th\u00e9\u00e2tre d&#8217;Albi<\/p>\n","protected":false},"author":2,"featured_media":0,"comment_status":"closed","ping_status":"closed","template":"","meta":{"_tribe_events_status":"","_tribe_events_status_reason":"","footnotes":""},"tags":[],"tribe_events_cat":[13],"class_list":["post-1570","tribe_events","type-tribe_events","status-publish","hentry","tribe_events_cat-naiade","cat_naiade"],"acf":[],"_links":{"self":[{"href":"https:\/\/assoladerive.fr\/index.php\/wp-json\/wp\/v2\/tribe_events\/1570","targetHints":{"allow":["GET"]}}],"collection":[{"href":"https:\/\/assoladerive.fr\/index.php\/wp-json\/wp\/v2\/tribe_events"}],"about":[{"href":"https:\/\/assoladerive.fr\/index.php\/wp-json\/wp\/v2\/types\/tribe_events"}],"author":[{"embeddable":true,"href":"https:\/\/assoladerive.fr\/index.php\/wp-json\/wp\/v2\/users\/2"}],"replies":[{"embeddable":true,"href":"https:\/\/assoladerive.fr\/index.php\/wp-json\/wp\/v2\/comments?post=1570"}],"version-history":[{"count":1,"href":"https:\/\/assoladerive.fr\/index.php\/wp-json\/wp\/v2\/tribe_events\/1570\/revisions"}],"predecessor-version":[{"id":1573,"href":"https:\/\/assoladerive.fr\/index.php\/wp-json\/wp\/v2\/tribe_events\/1570\/revisions\/1573"}],"wp:attachment":[{"href":"https:\/\/assoladerive.fr\/index.php\/wp-json\/wp\/v2\/media?parent=1570"}],"wp:term":[{"taxonomy":"post_tag","embeddable":true,"href":"https:\/\/assoladerive.fr\/index.php\/wp-json\/wp\/v2\/tags?post=1570"},{"taxonomy":"tribe_events_cat","embeddable":true,"href":"https:\/\/assoladerive.fr\/index.php\/wp-json\/wp\/v2\/tribe_events_cat?post=1570"}],"curies":[{"name":"wp","href":"https:\/\/api.w.org\/{rel}","templated":true}]}}

Naïade au Théâtre d&#8217;Albi

<p>Naïade sera présenté au théâtre d&#8217;Albi</p>
