{"id":1470,"date":"2026-01-20T13:06:00","date_gmt":"2026-01-20T12:06:00","guid":{"rendered":"https:\/\/assoladerive.fr\/?post_type=tribe_events&#038;p=1470"},"modified":"2026-01-20T13:06:00","modified_gmt":"2026-01-20T12:06:00","slug":"borderless-parc-de-rentilly","status":"publish","type":"tribe_events","link":"https:\/\/assoladerive.fr\/index.php\/event\/borderless-parc-de-rentilly\/","title":{"rendered":"Borderless @ Parc de Rentilly"},"content":{"rendered":"<p>Borderless sera pr\u00e9sent\u00e9 les 23 et 24 mai 2026 au Parc de Rentilly, \u00e0 l&#8217;occasion du Festival PrinTemps de Parole 2026.<\/p>\n","protected":false},"excerpt":{"rendered":"<p>Borderless sera pr\u00e9sent\u00e9 les 23 et 24 mai 2026 au Parc de Rentilly, \u00e0 l&#8217;occasion du Festival PrinTemps de Parole 2026.<\/p>\n","protected":false},"author":2,"featured_media":0,"comment_status":"closed","ping_status":"closed","template":"","meta":{"_tribe_events_status":"","_tribe_events_status_reason":"","footnotes":""},"tags":[],"tribe_events_cat":[12],"class_list":["post-1470","tribe_events","type-tribe_events","status-publish","hentry","tribe_events_cat-borderless","cat_borderless"],"acf":[],"_links":{"self":[{"href":"https:\/\/assoladerive.fr\/index.php\/wp-json\/wp\/v2\/tribe_events\/1470","targetHints":{"allow":["GET"]}}],"collection":[{"href":"https:\/\/assoladerive.fr\/index.php\/wp-json\/wp\/v2\/tribe_events"}],"about":[{"href":"https:\/\/assoladerive.fr\/index.php\/wp-json\/wp\/v2\/types\/tribe_events"}],"author":[{"embeddable":true,"href":"https:\/\/assoladerive.fr\/index.php\/wp-json\/wp\/v2\/users\/2"}],"replies":[{"embeddable":true,"href":"https:\/\/assoladerive.fr\/index.php\/wp-json\/wp\/v2\/comments?post=1470"}],"version-history":[{"count":1,"href":"https:\/\/assoladerive.fr\/index.php\/wp-json\/wp\/v2\/tribe_events\/1470\/revisions"}],"predecessor-version":[{"id":1472,"href":"https:\/\/assoladerive.fr\/index.php\/wp-json\/wp\/v2\/tribe_events\/1470\/revisions\/1472"}],"wp:attachment":[{"href":"https:\/\/assoladerive.fr\/index.php\/wp-json\/wp\/v2\/media?parent=1470"}],"wp:term":[{"taxonomy":"post_tag","embeddable":true,"href":"https:\/\/assoladerive.fr\/index.php\/wp-json\/wp\/v2\/tags?post=1470"},{"taxonomy":"tribe_events_cat","embeddable":true,"href":"https:\/\/assoladerive.fr\/index.php\/wp-json\/wp\/v2\/tribe_events_cat?post=1470"}],"curies":[{"name":"wp","href":"https:\/\/api.w.org\/{rel}","templated":true}]}}

<p>Borderless sera présenté les 23 et 24 mai 2026 au Parc de Rentilly, à l&#8217;occasion du Festival PrinTemps de Parole 2026.</p>
