{"id":1113,"date":"2025-06-06T14:08:07","date_gmt":"2025-06-06T12:08:07","guid":{"rendered":"https:\/\/assoladerive.fr\/?post_type=tribe_events&#038;p=1113"},"modified":"2025-06-06T14:08:07","modified_gmt":"2025-06-06T12:08:07","slug":"tremble-festival-off-aurillac","status":"publish","type":"tribe_events","link":"https:\/\/assoladerive.fr\/index.php\/event\/tremble-festival-off-aurillac\/","title":{"rendered":"Tremble @ Festival Off Aurillac"},"content":{"rendered":"<p>Tremble sera pr\u00e9sent\u00e9 du 20 au 23 ao\u00fbt au festival de rue d&#8217;Aurillac. Plus d&#8217;informations \u00e0 venir<\/p>\n","protected":false},"excerpt":{"rendered":"<p>Tremble sera pr\u00e9sent\u00e9 du 20 au 23 ao\u00fbt au festival de rue d&#8217;Aurillac. Plus d&#8217;informations \u00e0 venir<\/p>\n","protected":false},"author":2,"featured_media":0,"comment_status":"closed","ping_status":"closed","template":"","meta":{"_tribe_events_status":"","_tribe_events_status_reason":"","footnotes":""},"tags":[],"tribe_events_cat":[10],"class_list":["post-1113","tribe_events","type-tribe_events","status-publish","hentry","tribe_events_cat-tremble","cat_tremble"],"acf":[],"_links":{"self":[{"href":"https:\/\/assoladerive.fr\/index.php\/wp-json\/wp\/v2\/tribe_events\/1113","targetHints":{"allow":["GET"]}}],"collection":[{"href":"https:\/\/assoladerive.fr\/index.php\/wp-json\/wp\/v2\/tribe_events"}],"about":[{"href":"https:\/\/assoladerive.fr\/index.php\/wp-json\/wp\/v2\/types\/tribe_events"}],"author":[{"embeddable":true,"href":"https:\/\/assoladerive.fr\/index.php\/wp-json\/wp\/v2\/users\/2"}],"replies":[{"embeddable":true,"href":"https:\/\/assoladerive.fr\/index.php\/wp-json\/wp\/v2\/comments?post=1113"}],"version-history":[{"count":1,"href":"https:\/\/assoladerive.fr\/index.php\/wp-json\/wp\/v2\/tribe_events\/1113\/revisions"}],"predecessor-version":[{"id":1114,"href":"https:\/\/assoladerive.fr\/index.php\/wp-json\/wp\/v2\/tribe_events\/1113\/revisions\/1114"}],"wp:attachment":[{"href":"https:\/\/assoladerive.fr\/index.php\/wp-json\/wp\/v2\/media?parent=1113"}],"wp:term":[{"taxonomy":"post_tag","embeddable":true,"href":"https:\/\/assoladerive.fr\/index.php\/wp-json\/wp\/v2\/tags?post=1113"},{"taxonomy":"tribe_events_cat","embeddable":true,"href":"https:\/\/assoladerive.fr\/index.php\/wp-json\/wp\/v2\/tribe_events_cat?post=1113"}],"curies":[{"name":"wp","href":"https:\/\/api.w.org\/{rel}","templated":true}]}}

<p>Tremble sera présenté du 20 au 23 août au festival de rue d&#8217;Aurillac. Plus d&#8217;informations à venir</p>
