{"id":112,"date":"2023-08-31T13:48:20","date_gmt":"2023-08-31T11:48:20","guid":{"rendered":"https:\/\/assoladerive.fr\/?page_id=112"},"modified":"2025-12-10T13:50:31","modified_gmt":"2025-12-10T12:50:31","slug":"une-codirection-artistique","status":"publish","type":"page","link":"https:\/\/assoladerive.fr\/index.php\/une-codirection-artistique\/","title":{"rendered":"l&#8217;equipe"},"content":{"rendered":"\t\t<div data-elementor-type=\"wp-page\" data-elementor-id=\"112\" class=\"elementor elementor-112\">\n\t\t\t\t\t\t\t\t\t<section class=\"elementor-section elementor-top-section elementor-element elementor-element-8936047 elementor-section-boxed elementor-section-height-default elementor-section-height-default\" data-id=\"8936047\" data-element_type=\"section\">\n\t\t\t\t\t\t<div class=\"elementor-container elementor-column-gap-default\">\n\t\t\t\t\t<div class=\"elementor-column elementor-col-100 elementor-top-column elementor-element elementor-element-fa96d4c\" data-id=\"fa96d4c\" data-element_type=\"column\">\n\t\t\t<div class=\"elementor-widget-wrap elementor-element-populated\">\n\t\t\t\t\t\t\t\t<div class=\"elementor-element elementor-element-18f72f3 elementor-widget elementor-widget-heading\" data-id=\"18f72f3\" data-element_type=\"widget\" data-widget_type=\"heading.default\">\n\t\t\t\t<div class=\"elementor-widget-container\">\n\t\t\t<style>\/*! elementor - v3.15.0 - 20-08-2023 *\/\n.elementor-heading-title{padding:0;margin:0;line-height:1}.elementor-widget-heading .elementor-heading-title[class*=elementor-size-]>a{color:inherit;font-size:inherit;line-height:inherit}.elementor-widget-heading .elementor-heading-title.elementor-size-small{font-size:15px}.elementor-widget-heading .elementor-heading-title.elementor-size-medium{font-size:19px}.elementor-widget-heading .elementor-heading-title.elementor-size-large{font-size:29px}.elementor-widget-heading .elementor-heading-title.elementor-size-xl{font-size:39px}.elementor-widget-heading .elementor-heading-title.elementor-size-xxl{font-size:59px}<\/style><h2 class=\"elementor-heading-title elementor-size-default\">LES ARTISTES<\/h2>\t\t<\/div>\n\t\t\t\t<\/div>\n\t\t\t\t<div class=\"elementor-element elementor-element-4d162fc elementor-position-right elementor-vertical-align-top elementor-widget elementor-widget-image-box\" data-id=\"4d162fc\" data-element_type=\"widget\" data-widget_type=\"image-box.default\">\n\t\t\t\t<div class=\"elementor-widget-container\">\n\t\t\t<style>\/*! elementor - v3.15.0 - 20-08-2023 *\/\n.elementor-widget-image-box .elementor-image-box-content{width:100%}@media (min-width:768px){.elementor-widget-image-box.elementor-position-left .elementor-image-box-wrapper,.elementor-widget-image-box.elementor-position-right .elementor-image-box-wrapper{display:flex}.elementor-widget-image-box.elementor-position-right .elementor-image-box-wrapper{text-align:right;flex-direction:row-reverse}.elementor-widget-image-box.elementor-position-left .elementor-image-box-wrapper{text-align:left;flex-direction:row}.elementor-widget-image-box.elementor-position-top .elementor-image-box-img{margin:auto}.elementor-widget-image-box.elementor-vertical-align-top .elementor-image-box-wrapper{align-items:flex-start}.elementor-widget-image-box.elementor-vertical-align-middle .elementor-image-box-wrapper{align-items:center}.elementor-widget-image-box.elementor-vertical-align-bottom .elementor-image-box-wrapper{align-items:flex-end}}@media (max-width:767px){.elementor-widget-image-box .elementor-image-box-img{margin-left:auto!important;margin-right:auto!important;margin-bottom:15px}}.elementor-widget-image-box .elementor-image-box-img{display:inline-block}.elementor-widget-image-box .elementor-image-box-title a{color:inherit}.elementor-widget-image-box .elementor-image-box-wrapper{text-align:center}.elementor-widget-image-box .elementor-image-box-description{margin:0}<\/style><div class=\"elementor-image-box-wrapper\"><figure class=\"elementor-image-box-img\"><img loading=\"lazy\" decoding=\"async\" width=\"1831\" height=\"2560\" src=\"https:\/\/assoladerive.fr\/wp-content\/uploads\/2023\/09\/IMG-8497-2-scaled.jpg\" class=\"attachment-full size-full wp-image-506\" alt=\"\" srcset=\"https:\/\/assoladerive.fr\/wp-content\/uploads\/2023\/09\/IMG-8497-2-scaled.jpg 1831w, https:\/\/assoladerive.fr\/wp-content\/uploads\/2023\/09\/IMG-8497-2-215x300.jpg 215w, https:\/\/assoladerive.fr\/wp-content\/uploads\/2023\/09\/IMG-8497-2-732x1024.jpg 732w, https:\/\/assoladerive.fr\/wp-content\/uploads\/2023\/09\/IMG-8497-2-768x1074.jpg 768w, https:\/\/assoladerive.fr\/wp-content\/uploads\/2023\/09\/IMG-8497-2-1098x1536.jpg 1098w, https:\/\/assoladerive.fr\/wp-content\/uploads\/2023\/09\/IMG-8497-2-1465x2048.jpg 1465w\" sizes=\"auto, (max-width: 1831px) 100vw, 1831px\" \/><\/figure><div class=\"elementor-image-box-content\"><h3 class=\"elementor-image-box-title\">O Pelpel<\/h3><p class=\"elementor-image-box-description\">\nAcrobate hybride, O affirme une recherche transdisciplinaire qui s\u2019ancre dans sa pratique atypique de l\u2019\u00e9quilibre, <br>enrichie par l'exploration de la suspension, des port\u00e9s, de la voix et du systema.\n<br>Habit\u00e9\u00b7e par la tension entre d\u00e9sir de tenir et besoin de l\u00e2cher, iel prend go\u00fbt aux t\u00e2tonnements et au doute. <br>C\u2019est en se glissant dans ce chemin intime qu\u2019O questionne la mani\u00e8re d'aller \u00e0 la rencontre de l'autre et de ses \u00e9tranget\u00e9s.<br>\nEn 2010, iel co-fonde le GROUPE BEKKRELL avec Fanny Alvarez, Sarah Cosset et Fanny Sint\u00e8s, et cr\u00e9ent ensemble 2 spectacles : <br>Effet Bekkrell (2015), et Clinamen Show (2019). \nEn 2019, iel cr\u00e9e en parall\u00e8le avec S\u00e9bastien Davis Vangelder, <br>Marcel.le & Claude, un spectacle tr\u00e8s l\u00e9ger pour l\u2019emmener \u00e0 v\u00e9lo dans les campagnes.<br> \nO est aussi interpr\u00e8te, et travaille avec LA MONDIALE G\u00c9N\u00c9RALE (Pos\u00e9\u00b7e\u00b7s), la CIE SAXIFRAGE \/ Fanny Sint\u00e8s (Subsistance Muscl\u00e9e), <br>et a collabor\u00e9 dans le pass\u00e9 avec LA CIE RHIZOME \/ Chlo\u00e9 Moglia (La Spire), Le cirque de loin (Son of a fool), et Fr\u00e9d\u00e9ric Leterrier <br>(Temps instable, Le d\u00e9m\u00e9nagement du territoire).\nEn 2021 O co-fonde le collectif La D\u00e9rive avec S\u00e9bastien Davis Vangelder, <br>Fr\u00e9d\u00e9ri Vernier et Lucile Nouals. \nEn 2025, iel cr\u00e9e son premier solo pour l\u2019espace public, TREMBLE.<br>\nO est artiste associ\u00e9 au Sirque, P\u00f4le National Cirque \u00e0 Nexon, en Nouvelle-Aquitaine depuis 2021 et jusqu\u2019en 2027.\n\n\n<\/p><\/div><\/div>\t\t<\/div>\n\t\t\t\t<\/div>\n\t\t\t\t<div class=\"elementor-element elementor-element-041c826 elementor-position-left elementor-vertical-align-top elementor-widget elementor-widget-image-box\" data-id=\"041c826\" data-element_type=\"widget\" data-widget_type=\"image-box.default\">\n\t\t\t\t<div class=\"elementor-widget-container\">\n\t\t\t<div class=\"elementor-image-box-wrapper\"><figure class=\"elementor-image-box-img\"><img loading=\"lazy\" decoding=\"async\" width=\"521\" height=\"778\" src=\"https:\/\/assoladerive.fr\/wp-content\/uploads\/2023\/09\/Portrait-Sebastien-No-border-3.jpeg\" class=\"attachment-full size-full wp-image-507\" alt=\"\" srcset=\"https:\/\/assoladerive.fr\/wp-content\/uploads\/2023\/09\/Portrait-Sebastien-No-border-3.jpeg 521w, https:\/\/assoladerive.fr\/wp-content\/uploads\/2023\/09\/Portrait-Sebastien-No-border-3-201x300.jpeg 201w\" sizes=\"auto, (max-width: 521px) 100vw, 521px\" \/><\/figure><div class=\"elementor-image-box-content\"><h3 class=\"elementor-image-box-title\">S\u00e9bastien Davis VanGelder<\/h3><p class=\"elementor-image-box-description\">N\u00e9 \u00e0 Porto Rico d\u2019une m\u00e8re fran\u00e7aise et d\u2019un p\u00e8re am\u00e9ricain, S\u00e9bastien passe les quatre premi\u00e8res ann\u00e9es de sa vie sur un bateau dans la mer des Cara\u00efbes. Apr\u00e8s 18 ann\u00e9es entre la banlieue de Washington D.C., l\u2019Am\u00e9rique Latine ; la piscine, o\u00f9 il passe une grande partie de son temps, et le saxophone ; il se retrouve \u00e0 l\u2019universit\u00e9 de Chicago pour \u00e9tudier l\u2019anthropologie socioculturelle et oeuvre pendant deux ans comme travailleur social. En visite dans sa famille fran\u00e7aise, il d\u00e9couvre le cirque et en tombe amoureux. Fascin\u00e9 par le corps humain dans toutes ses nuances et ses possibilit\u00e9s, il d\u00e9bute les port\u00e9s acrobatiques pour les explorer plus particuli\u00e8rement dans la rencontre. Il sort du CNAC en 2016, en duo de port\u00e9s avec Blanca Franco avec qui il cr\u00e9e un spectacle sur la fronti\u00e8re mexico-am\u00e9ricaine, Borderless. En 2019, Il cr\u00e9e Marcel.le & Claude avec O Pelpel du Groupe Bekkrell, pour explorer le cirque hors-les-murs. A la m\u00eame p\u00e9riode, il r\u00e9alise un r\u00eave en \u00e9crivant avec Fr\u00e9d\u00e9ri Vernier un spectacle de cirque aquatique: Out Of The Blue, cr\u00e9\u00e9 en mars 2022. <\/p><\/div><\/div>\t\t<\/div>\n\t\t\t\t<\/div>\n\t\t\t\t<div class=\"elementor-element elementor-element-8bd23de elementor-position-right elementor-vertical-align-top elementor-widget elementor-widget-image-box\" data-id=\"8bd23de\" data-element_type=\"widget\" data-widget_type=\"image-box.default\">\n\t\t\t\t<div class=\"elementor-widget-container\">\n\t\t\t<div class=\"elementor-image-box-wrapper\"><figure class=\"elementor-image-box-img\"><img loading=\"lazy\" decoding=\"async\" width=\"1920\" height=\"2560\" src=\"https:\/\/assoladerive.fr\/wp-content\/uploads\/2023\/09\/IMG_0490-1-scaled.jpg\" class=\"attachment-full size-full wp-image-504\" alt=\"\" srcset=\"https:\/\/assoladerive.fr\/wp-content\/uploads\/2023\/09\/IMG_0490-1-scaled.jpg 1920w, https:\/\/assoladerive.fr\/wp-content\/uploads\/2023\/09\/IMG_0490-1-225x300.jpg 225w, https:\/\/assoladerive.fr\/wp-content\/uploads\/2023\/09\/IMG_0490-1-768x1024.jpg 768w, https:\/\/assoladerive.fr\/wp-content\/uploads\/2023\/09\/IMG_0490-1-1152x1536.jpg 1152w, https:\/\/assoladerive.fr\/wp-content\/uploads\/2023\/09\/IMG_0490-1-1536x2048.jpg 1536w\" sizes=\"auto, (max-width: 1920px) 100vw, 1920px\" \/><\/figure><div class=\"elementor-image-box-content\"><h3 class=\"elementor-image-box-title\">Fr\u00e9d\u00e9ri Vernier<\/h3><p class=\"elementor-image-box-description\">Fr\u00e9d\u00e9ri pratique le cirque depuis l\u2019\u00e2ge de 8 ans, form\u00e9 \u00e0 l\u2019ENACR puis au CNAC en tant que porteur en main \u00e0 main. \u00e0 sa sortie d\u2019\u00e9cole, il est l\u2019auteur avec Justine Berthillot du spectacle \u201cNOOS\u201d, ce duo fort de singularit\u00e9 parcourt le monde pendant 4 ans. En 2015, Fr\u00e9d\u00e9ri rejoint le travail de la Cie Un loup pour l\u2019homme et participe \u00e0 la cr\u00e9ation de \u201cRare Birds\u201d. Il est \u00e9galement interpr\u00e8te de la Cie MPTA \/ Mathurin Bolze, sur le spectacle \u00abLes hauts plateaux\u00bb. Dans sa pratique et son d\u00e9veloppement personnel, il tisse depuis toujours un lien visc\u00e9ral avec l\u2019eau. D\u2019abord gr\u00e2ce au surf et \u00e0 la natation, il est en recherche de toujours plus d\u2019intimit\u00e9 avec cet \u00e9l\u00e9ment. La pratique de l\u2019apn\u00e9e appara\u00eet alors comme une \u00e9vidence : C\u2019EST L\u2019IMMERSION TOTALE ! Il est aujourd\u2019hui instructeur d\u2019apn\u00e9e. C\u2019est pour lui une qu\u00eate vers de nouvelles sensations et une conscience de son corps toujours plus fine qui lui permettent d\u2019enrichir sa pratique des port\u00e9s acrobatiques et vice versa. <\/p><\/div><\/div>\t\t<\/div>\n\t\t\t\t<\/div>\n\t\t\t\t<div class=\"elementor-element elementor-element-e9dba75 elementor-widget elementor-widget-heading\" data-id=\"e9dba75\" data-element_type=\"widget\" data-widget_type=\"heading.default\">\n\t\t\t\t<div class=\"elementor-widget-container\">\n\t\t\t<h2 class=\"elementor-heading-title elementor-size-default\">L'\u00e9quipe de production<\/h2>\t\t<\/div>\n\t\t\t\t<\/div>\n\t\t\t\t<div class=\"elementor-element elementor-element-1433c34 elementor-position-left elementor-vertical-align-top elementor-widget elementor-widget-image-box\" data-id=\"1433c34\" data-element_type=\"widget\" data-widget_type=\"image-box.default\">\n\t\t\t\t<div class=\"elementor-widget-container\">\n\t\t\t<div class=\"elementor-image-box-wrapper\"><figure class=\"elementor-image-box-img\"><img loading=\"lazy\" decoding=\"async\" width=\"800\" height=\"930\" src=\"https:\/\/assoladerive.fr\/wp-content\/uploads\/2023\/12\/LaRiche180415_262-881x1024.jpg\" class=\"attachment-large size-large wp-image-960\" alt=\"\" srcset=\"https:\/\/assoladerive.fr\/wp-content\/uploads\/2023\/12\/LaRiche180415_262-881x1024.jpg 881w, https:\/\/assoladerive.fr\/wp-content\/uploads\/2023\/12\/LaRiche180415_262-258x300.jpg 258w, https:\/\/assoladerive.fr\/wp-content\/uploads\/2023\/12\/LaRiche180415_262-768x893.jpg 768w, https:\/\/assoladerive.fr\/wp-content\/uploads\/2023\/12\/LaRiche180415_262-1321x1536.jpg 1321w, https:\/\/assoladerive.fr\/wp-content\/uploads\/2023\/12\/LaRiche180415_262-1761x2048.jpg 1761w\" sizes=\"auto, (max-width: 800px) 100vw, 800px\" \/><\/figure><div class=\"elementor-image-box-content\"><h3 class=\"elementor-image-box-title\"><span style=\"white-space: normal; caret-color: rgb(0, 0, 0); color: rgb(0, 0, 0); font-family: Arial, Helvetica, sans-serif; font-size: 24.0005px; background-color: rgb(255, 255, 255);\">LUCILE NOUALS, administratrice de production<\/span><\/h3><p class=\"elementor-image-box-description\"><span style=\"white-space: normal; caret-color: rgb(0, 0, 0); color: rgb(0, 0, 0); font-family: Arial, Helvetica, sans-serif; background-color: rgb(255, 255, 255);\">Apr\u00e8s des \u00e9tudes de lettres modernes et d\u2019histoire, elle a commenc\u00e9 sa vie professionnelle au sein de l\u2019ex-agence culturelle de la r\u00e9gion Centre, Culture O Centre, et son festival Excentrique, dont elle a assur\u00e9 l\u2019administration de production. La particularit\u00e9 de ce festival itin\u00e9rant en milieu rural et dans des lieux non-d\u00e9di\u00e9s lui a permis d'acqu\u00e9rir une exp\u00e9rience pr\u00e9cieuse en mati\u00e8re de projets de territoire et d'implication. Par la suite, elle a rejoint le collectif Cheptel Aleikoum en tant qu\u2019administratrice g\u00e9n\u00e9rale, o\u00f9 elle a \u00e9t\u00e9 captiv\u00e9e par l'univers du cirque et la puissance \u00e9motionnelle qu\u2019il d\u00e9gage. Enfin, elle a pos\u00e9 ses valises en Corr\u00e8ze, o\u00f9 elle a rencontr\u00e9 Oc\u00e9ane, S\u00e9bastien et Fr\u00e9d\u00e9ri, et particip\u00e9 \u00e0 la cr\u00e9ation et au d\u00e9veloppement de La D\u00e9rive.<\/span><br><\/p><\/div><\/div>\t\t<\/div>\n\t\t\t\t<\/div>\n\t\t\t\t\t<\/div>\n\t\t<\/div>\n\t\t\t\t\t\t\t<\/div>\n\t\t<\/section>\n\t\t\t\t<section class=\"elementor-section elementor-top-section elementor-element elementor-element-492c9a2 elementor-section-boxed elementor-section-height-default elementor-section-height-default\" data-id=\"492c9a2\" data-element_type=\"section\">\n\t\t\t\t\t\t<div class=\"elementor-container elementor-column-gap-default\">\n\t\t\t\t\t<div class=\"elementor-column elementor-col-100 elementor-top-column elementor-element elementor-element-d13b6a2\" data-id=\"d13b6a2\" data-element_type=\"column\">\n\t\t\t<div class=\"elementor-widget-wrap elementor-element-populated\">\n\t\t\t\t\t\t\t\t<div class=\"elementor-element elementor-element-accbf29 elementor-widget elementor-widget-heading\" data-id=\"accbf29\" data-element_type=\"widget\" data-widget_type=\"heading.default\">\n\t\t\t\t<div class=\"elementor-widget-container\">\n\t\t\t<h2 class=\"elementor-heading-title elementor-size-default\">Le Bureau<\/h2>\t\t<\/div>\n\t\t\t\t<\/div>\n\t\t\t\t\t<\/div>\n\t\t<\/div>\n\t\t\t\t\t\t\t<\/div>\n\t\t<\/section>\n\t\t\t\t<section class=\"elementor-section elementor-top-section elementor-element elementor-element-9daeb10 elementor-section-boxed elementor-section-height-default elementor-section-height-default\" data-id=\"9daeb10\" data-element_type=\"section\">\n\t\t\t\t\t\t<div class=\"elementor-container elementor-column-gap-default\">\n\t\t\t\t\t<div class=\"elementor-column elementor-col-33 elementor-top-column elementor-element elementor-element-905718e\" data-id=\"905718e\" data-element_type=\"column\">\n\t\t\t<div class=\"elementor-widget-wrap elementor-element-populated\">\n\t\t\t\t\t\t\t\t<div class=\"elementor-element elementor-element-a2012d1 elementor-widget elementor-widget-image\" data-id=\"a2012d1\" data-element_type=\"widget\" data-widget_type=\"image.default\">\n\t\t\t\t<div class=\"elementor-widget-container\">\n\t\t\t<style>\/*! elementor - v3.15.0 - 20-08-2023 *\/\n.elementor-widget-image{text-align:center}.elementor-widget-image a{display:inline-block}.elementor-widget-image a img[src$=\".svg\"]{width:48px}.elementor-widget-image img{vertical-align:middle;display:inline-block}<\/style>\t\t\t\t\t\t\t\t\t\t\t\t<img loading=\"lazy\" decoding=\"async\" width=\"800\" height=\"607\" src=\"https:\/\/assoladerive.fr\/wp-content\/uploads\/2023\/12\/Emmanuelle@Joel-Born-1024x777.jpg\" class=\"attachment-large size-large wp-image-964\" alt=\"\" srcset=\"https:\/\/assoladerive.fr\/wp-content\/uploads\/2023\/12\/Emmanuelle@Joel-Born-1024x777.jpg 1024w, https:\/\/assoladerive.fr\/wp-content\/uploads\/2023\/12\/Emmanuelle@Joel-Born-300x228.jpg 300w, https:\/\/assoladerive.fr\/wp-content\/uploads\/2023\/12\/Emmanuelle@Joel-Born-768x583.jpg 768w, https:\/\/assoladerive.fr\/wp-content\/uploads\/2023\/12\/Emmanuelle@Joel-Born-1536x1166.jpg 1536w, https:\/\/assoladerive.fr\/wp-content\/uploads\/2023\/12\/Emmanuelle@Joel-Born.jpg 1740w\" sizes=\"auto, (max-width: 800px) 100vw, 800px\" \/>\t\t\t\t\t\t\t\t\t\t\t\t\t\t\t<\/div>\n\t\t\t\t<\/div>\n\t\t\t\t<div class=\"elementor-element elementor-element-6209de5 elementor-widget elementor-widget-text-editor\" data-id=\"6209de5\" data-element_type=\"widget\" data-widget_type=\"text-editor.default\">\n\t\t\t\t<div class=\"elementor-widget-container\">\n\t\t\t<style>\/*! elementor - v3.15.0 - 20-08-2023 *\/\n.elementor-widget-text-editor.elementor-drop-cap-view-stacked .elementor-drop-cap{background-color:#69727d;color:#fff}.elementor-widget-text-editor.elementor-drop-cap-view-framed .elementor-drop-cap{color:#69727d;border:3px solid;background-color:transparent}.elementor-widget-text-editor:not(.elementor-drop-cap-view-default) .elementor-drop-cap{margin-top:8px}.elementor-widget-text-editor:not(.elementor-drop-cap-view-default) .elementor-drop-cap-letter{width:1em;height:1em}.elementor-widget-text-editor .elementor-drop-cap{float:left;text-align:center;line-height:1;font-size:50px}.elementor-widget-text-editor .elementor-drop-cap-letter{display:inline-block}<\/style>\t\t\t\t<p>Emmanuelle Lyon<\/p><p>Pr\u00e9sidente<\/p>\t\t\t\t\t\t<\/div>\n\t\t\t\t<\/div>\n\t\t\t\t\t<\/div>\n\t\t<\/div>\n\t\t\t\t<div class=\"elementor-column elementor-col-33 elementor-top-column elementor-element elementor-element-68b9a1d\" data-id=\"68b9a1d\" data-element_type=\"column\">\n\t\t\t<div class=\"elementor-widget-wrap elementor-element-populated\">\n\t\t\t\t\t\t\t\t<div class=\"elementor-element elementor-element-f5506ab elementor-widget elementor-widget-image\" data-id=\"f5506ab\" data-element_type=\"widget\" data-widget_type=\"image.default\">\n\t\t\t\t<div class=\"elementor-widget-container\">\n\t\t\t\t\t\t\t\t\t\t\t\t\t\t\t<img decoding=\"async\" src=\"https:\/\/assoladerive.fr\/wp-content\/plugins\/elementor\/assets\/images\/placeholder.png\" title=\"\" alt=\"\" loading=\"lazy\" \/>\t\t\t\t\t\t\t\t\t\t\t\t\t\t\t<\/div>\n\t\t\t\t<\/div>\n\t\t\t\t<div class=\"elementor-element elementor-element-242d83b elementor-widget elementor-widget-text-editor\" data-id=\"242d83b\" data-element_type=\"widget\" data-widget_type=\"text-editor.default\">\n\t\t\t\t<div class=\"elementor-widget-container\">\n\t\t\t\t\t\t\t<p>Anne Stievenart<\/p><p>Tr\u00e9sori\u00e8re<\/p>\t\t\t\t\t\t<\/div>\n\t\t\t\t<\/div>\n\t\t\t\t\t<\/div>\n\t\t<\/div>\n\t\t\t\t<div class=\"elementor-column elementor-col-33 elementor-top-column elementor-element elementor-element-c1505a7\" data-id=\"c1505a7\" data-element_type=\"column\">\n\t\t\t<div class=\"elementor-widget-wrap elementor-element-populated\">\n\t\t\t\t\t\t\t\t<div class=\"elementor-element elementor-element-428724f elementor-widget elementor-widget-image\" data-id=\"428724f\" data-element_type=\"widget\" data-widget_type=\"image.default\">\n\t\t\t\t<div class=\"elementor-widget-container\">\n\t\t\t\t\t\t\t\t\t\t\t\t\t\t\t<img decoding=\"async\" src=\"https:\/\/assoladerive.fr\/wp-content\/plugins\/elementor\/assets\/images\/placeholder.png\" title=\"\" alt=\"\" loading=\"lazy\" \/>\t\t\t\t\t\t\t\t\t\t\t\t\t\t\t<\/div>\n\t\t\t\t<\/div>\n\t\t\t\t<div class=\"elementor-element elementor-element-d0eb7ae elementor-widget elementor-widget-text-editor\" data-id=\"d0eb7ae\" data-element_type=\"widget\" data-widget_type=\"text-editor.default\">\n\t\t\t\t<div class=\"elementor-widget-container\">\n\t\t\t\t\t\t\t<p>Alex Modeste<\/p><p>Secr\u00e9taire<\/p>\t\t\t\t\t\t<\/div>\n\t\t\t\t<\/div>\n\t\t\t\t\t<\/div>\n\t\t<\/div>\n\t\t\t\t\t\t\t<\/div>\n\t\t<\/section>\n\t\t\t\t\t\t\t<\/div>\n\t\t","protected":false},"excerpt":{"rendered":"<p>LES ARTISTES O Pelpel Acrobate hybride, O affirme une recherche transdisciplinaire qui s\u2019ancre dans sa pratique atypique de l\u2019\u00e9quilibre, enrichie par l&#8217;exploration de la suspension, des port\u00e9s, de la voix [&hellip;]<\/p>\n","protected":false},"author":1,"featured_media":0,"parent":0,"menu_order":0,"comment_status":"closed","ping_status":"closed","template":"elementor_theme","meta":{"footnotes":""},"class_list":["post-112","page","type-page","status-publish","hentry"],"acf":[],"_links":{"self":[{"href":"https:\/\/assoladerive.fr\/index.php\/wp-json\/wp\/v2\/pages\/112","targetHints":{"allow":["GET"]}}],"collection":[{"href":"https:\/\/assoladerive.fr\/index.php\/wp-json\/wp\/v2\/pages"}],"about":[{"href":"https:\/\/assoladerive.fr\/index.php\/wp-json\/wp\/v2\/types\/page"}],"author":[{"embeddable":true,"href":"https:\/\/assoladerive.fr\/index.php\/wp-json\/wp\/v2\/users\/1"}],"replies":[{"embeddable":true,"href":"https:\/\/assoladerive.fr\/index.php\/wp-json\/wp\/v2\/comments?post=112"}],"version-history":[{"count":111,"href":"https:\/\/assoladerive.fr\/index.php\/wp-json\/wp\/v2\/pages\/112\/revisions"}],"predecessor-version":[{"id":1407,"href":"https:\/\/assoladerive.fr\/index.php\/wp-json\/wp\/v2\/pages\/112\/revisions\/1407"}],"wp:attachment":[{"href":"https:\/\/assoladerive.fr\/index.php\/wp-json\/wp\/v2\/media?parent=112"}],"curies":[{"name":"wp","href":"https:\/\/api.w.org\/{rel}","templated":true}]}}